atest common divisor of 437166 and 45.
9
What is the greatest common divisor of 647 and 835277?
647
Calculate the greatest common divisor of 80898 and 5432.
194
What is the highest common divisor of 1917706 and 14?
14
What is the greatest common divisor of 69 and 640527?
69
What is the greatest common factor of 473649 and 55?
11
What is the greatest common factor of 153217 and 1073?
37
What is the greatest common factor of 113 and 58873?
113
What is the highest common divisor of 1426 and 165602?
62
Calculate the greatest common factor of 192 and 313656.
24
Calculate the greatest common divisor of 2422 and 13840.
346
What is the highest common factor of 2610065 and 5055?
1685
Calculate the greatest common divisor of 106766 and 175582.
506
What is the greatest common factor of 25550 and 100?
50
Calculate the greatest common factor of 100 and 17668.
4
What is the highest common factor of 941154 and 102?
102
Calculate the highest common factor of 66 and 40821.
33
What is the greatest common divisor of 268 and 519719?
67
What is the greatest common factor of 1044072 and 765?
153
Calculate the greatest common factor of 11070 and 18400.
10
What is the highest common factor of 301 and 37883?
43
Calculate the greatest common factor of 3976 and 2422.
14
What is the highest common factor of 3158 and 956?
2
Calculate the greatest common divisor of 2747026 and 5464.
1366
What is the highest common factor of 1470 and 539?
49
What is the highest common factor of 152516 and 24302?
838
Calculate the highest common factor of 166 and 74.
2
What is the greatest common factor of 9790 and 3649?
89
Calculate the highest common divisor of 191038 and 322.
46
Calculate the greatest common divisor of 40506 and 2064.
258
Calculate the greatest common factor of 15385110 and 1545.
1545
What is the greatest common divisor of 657 and 50151?
219
Calculate the greatest common factor of 13376 and 264.
88
What is the greatest common factor of 50 and 11980?
10
Calculate the greatest common divisor of 8770 and 30.
10
What is the greatest common divisor of 126576 and 783?
27
What is the greatest common factor of 9273 and 151740?
843
What is the greatest common factor of 24726 and 234?
78
Calculate the highest common divisor of 5562 and 44334.
54
What is the highest common divisor of 12 and 89724?
12
Calculate the highest common divisor of 15 and 811005.
15
What is the greatest common factor of 34946 and 85042?
202
Calculate the highest common factor of 1313976 and 1484.
212
Calculate the greatest common factor of 60970 and 3015.
335
What is the highest common factor of 159951 and 66?
33
What is the greatest common factor of 72783 and 36?
9
What is the highest common factor of 7055 and 5865?
85
Calculate the highest common divisor of 2395 and 2295847.
479
What is the highest common divisor of 10 and 289830?
10
What is the greatest common factor of 10976 and 81977?
343
Calculate the highest common divisor of 45592 and 17384.
328
What is the highest common factor of 17759 and 30031?
59
What is the highest common divisor of 335 and 3976852?
67
Calculate the greatest common factor of 118 and 1646041.
59
Calculate the greatest common divisor of 140 and 50670.
10
What is the greatest common divisor of 1125093 and 2667?
381
Calculate the highest common factor of 100 and 3125.
25
Calculate the greatest common divisor of 95 and 382565.
95
Calculate the greatest common factor of 44752 and 32.
16
What is the highest common factor of 643212 and 34?
34
Calculate the greatest common factor of 5 and 89345.
5
Calculate the greatest common divisor of 2625 and 111125.
875
Calculate the greatest common factor of 31 and 103199.
31
Calculate the greatest common factor of 1323000 and 60.
60
Calculate the greatest common factor of 150246 and 1836.
306
Calculate the greatest common factor of 52445 and 340.
85
What is the highest common divisor of 96 and 176016?
48
Calculate the greatest common divisor of 960 and 305260.
20
Calculate the greatest common divisor of 90 and 3746430.
90
What is the highest common factor of 248 and 278456?
8
Calculate the greatest common factor of 3 and 39039.
3
Calculate the highest common divisor of 23 and 109.
1
What is the greatest common divisor of 10478 and 341?
31
What is the highest common factor of 746095 and 85?
5
What is the greatest common divisor of 2598720 and 960?
960
What is the greatest common divisor of 747 and 491941?
83
What is the highest common divisor of 95 and 62966?
19
Calculate the greatest common divisor of 246525 and 171.
57
What is the highest common divisor of 890 and 667055?
445
Calculate the highest common factor of 625756 and 292.
292
Calculate the highest common divisor of 1948 and 56005.
487
What is the greatest common divisor of 17823 and 161321?
457
Calculate the highest common factor of 13182 and 516.
6
What is the highest common divisor of 1323 and 258174?
189
Calculate the highest common factor of 1484 and 133772.
212
Calculate the highest common factor of 83005 and 312.
13
What is the greatest common divisor of 468 and 28769?
13
What is the greatest common divisor of 5 and 181145?
5
What is the greatest common factor of 1577 and 817?
19
What is the highest common factor of 20 and 65420?
20
Calculate the greatest common divisor of 26784 and 112.
16
Calculate the greatest common factor of 7952 and 5488.
112
What is the highest common factor of 5166970 and 20?
10
What is the greatest common divisor of 197974 and 45899?
553
What is the highest common factor of 1142 and 134?
2
Calculate the greatest common factor of 76 and 457026.
38
Calculate the greatest common factor of 4865 and 245.
35
What is the greatest common divisor of 9552 and 423870?
1194
Calculate the highest common divisor of 10262 and 70.
14
Calculate the highest common factor of 7633 and 898.
449
What is the highest common factor of 1305 and 160?
5
Calculate the highest common factor of 166145 and 2121.
707
What is the highest common divisor of 885 and 59826?
177
What is the highest common factor of 498554 and 447?
149
Calculate the greatest common divisor of 2244636 and 252.
36
Calculate the highest common factor of 140215 and 2900.
145
Calculate the greatest common factor of 16592 and 1403.
61
What is the highest common divisor of 16105 and 15?
5
What is the greatest common divisor of 63 and 224889?
21
What is the highest common divisor of 5103 and 7875?
63
Calculate the highest common divisor of 12 and 123972.
12
Calculate the greatest common factor of 852 and 30000.
12
Calculate the highest common factor of 10032 and 15675.
627
What is the greatest common factor of 1841866 and 26?
26
Calculate the highest common factor of 462275 and 11.
11
Calculate the highest common factor of 258555 and 15.
15
What is the greatest common divisor of 512330 and 20?
10
What is the highest common factor of 2170 and 1245890?
310
What is the greatest common factor of 11820 and 1410?
30
Calculate the highest common factor of 3002 and 4142.
38
Calculate the highest common divisor of 121682 and 1034.
22
Calculate the greatest common factor of 5092 and 32.
4
Calculate the greatest common factor of 5513712 and 51.
51
Calculate the highest common divisor of 56 and 55832.
56
Calculate the greatest common factor of 936 and 31392.
72
Calculate the greatest common divisor of 174976 and 32.
32
Calculate the highest common divisor of 41 and 749767.
41
Calculate the highest common factor of 11154 and 2046.
66
What is the highest common factor of 5 and 1587665?
5
Calculate the greatest common factor of 13409 and 56551.
583
Calculate the greatest common factor of 100 and 21500.
100
What is the greatest common divisor of 11440 and 418?
22
Calculate the highest common divisor of 2646 and 99029.
49
What is the greatest common factor of 10 and 133205?
5
What is the highest common factor of 3876 and 12102810?
1938
Calculate the greatest common divisor of 1300 and 79560.
260
Calculate the greatest common factor of 1986 and 18.
6
Calculate the greatest common factor of 176 and 118712.
88
Calculate the greatest common divisor of 27072 and 75456.
576
Calculate the greatest common divisor of 3320820 and 5130.
1710
What is the greatest common factor of 3381 and 1656?
69
What is the highest common divisor of 1456 and